{"id":3211,"date":"2025-06-03T13:36:42","date_gmt":"2025-06-03T13:36:42","guid":{"rendered":"https:\/\/guidappro-dz.com\/?post_type=product&#038;p=3211"},"modified":"2025-06-03T13:38:44","modified_gmt":"2025-06-03T13:38:44","slug":"aurea","status":"publish","type":"product","link":"https:\/\/guidappro-dz.com\/?product=aurea","title":{"rendered":"AUREA"},"content":{"rendered":"","protected":false},"excerpt":{"rendered":"<p>Bouche AUR\u00c9A blanche en plastique r\u00e9glable<\/p>\n<p><strong>Utilisation:\u00a0<\/strong><\/p>\n<p>Con\u00e7u pour l\u2019insufflation et l\u2019extraction d\u2019air dans les logements et les b\u00e2timents tertiaires.<\/p>\n<p><strong>Option :<\/strong><\/p>\n<p>&#8211; En cas d\u2019utilisation pour l\u2019insufflation, un d\u00e9flecteur amovible permet d\u2019orienter le flux d\u2019air de mani\u00e8re optimale.<br data-start=\"205\" data-end=\"208\" \/>-Les bouches AUR\u00c9A sont compatibles avec un r\u00e9gulateur de d\u00e9bit type RDR.<br data-start=\"280\" data-end=\"283\" \/>-Fabrication 100 % polystyr\u00e8ne.<br data-start=\"313\" data-end=\"316\" \/>-Montage possible directement sur un conduit ou via une manchette ou un manchon.<\/p>\n<p>Fiche technique :<\/p>\n<p><a href=\"https:\/\/www.goveco.com\/fr\/desproduits\/bouches\/385460\/aurea-bouches-d'extraction-et-insufflation-plastique\">https:\/\/www.goveco.com\/fr\/desproduits\/bouches\/385460\/aurea-bouches-d&rsquo;extraction-et-insufflation-plastique<\/a><\/p>\n<p>&nbsp;<\/p>\n","protected":false},"featured_media":3214,"template":"","meta":{"site-sidebar-layout":"default","site-content-layout":"","ast-site-content-layout":"default","site-content-style":"default","site-sidebar-style":"default","ast-global-header-display":"","ast-banner-title-visibility":"","ast-main-header-display":"","ast-hfb-above-header-display":"","ast-hfb-below-header-display":"","ast-hfb-mobile-header-display":"","site-post-title":"","ast-breadcrumbs-content":"","ast-featured-img":"","footer-sml-layout":"","theme-transparent-header-meta":"default","adv-header-id-meta":"","stick-header-meta":"","header-above-stick-meta":"","header-main-stick-meta":"","header-below-stick-meta":"","astra-migrate-meta-layouts":"set","ast-page-background-enabled":"default","ast-page-background-meta":{"desktop":{"background-color":"var(--ast-global-color-4)","background-image":"","background-repeat":"repeat","background-position":"center center","background-size":"auto","background-attachment":"scroll","background-type":"","background-media":"","overlay-type":"","overlay-color":"","overlay-opacity":"","overlay-gradient":""},"tablet":{"background-color":"","background-image":"","background-repeat":"repeat","background-position":"center center","background-size":"auto","background-attachment":"scroll","background-type":"","background-media":"","overlay-type":"","overlay-color":"","overlay-opacity":"","overlay-gradient":""},"mobile":{"background-color":"","background-image":"","background-repeat":"repeat","background-position":"center center","background-size":"auto","background-attachment":"scroll","background-type":"","background-media":"","overlay-type":"","overlay-color":"","overlay-opacity":"","overlay-gradient":""}},"ast-content-background-meta":{"desktop":{"background-color":"var(--ast-global-color-5)","background-image":"","background-repeat":"repeat","background-position":"center center","background-size":"auto","background-attachment":"scroll","background-type":"","background-media":"","overlay-type":"","overlay-color":"","overlay-opacity":"","overlay-gradient":""},"tablet":{"background-color":"var(--ast-global-color-5)","background-image":"","background-repeat":"repeat","background-position":"center center","background-size":"auto","background-attachment":"scroll","background-type":"","background-media":"","overlay-type":"","overlay-color":"","overlay-opacity":"","overlay-gradient":""},"mobile":{"background-color":"var(--ast-global-color-5)","background-image":"","background-repeat":"repeat","background-position":"center center","background-size":"auto","background-attachment":"scroll","background-type":"","background-media":"","overlay-type":"","overlay-color":"","overlay-opacity":"","overlay-gradient":""}}},"product_brand":[],"product_cat":[42],"product_tag":[],"class_list":{"0":"post-3211","1":"product","2":"type-product","3":"status-publish","4":"has-post-thumbnail","6":"product_cat-bouches-dextraction","7":"desktop-align-center","8":"tablet-align-left","9":"mobile-align-left","11":"first","12":"instock","13":"shipping-taxable","14":"product-type-simple"},"_links":{"self":[{"href":"https:\/\/guidappro-dz.com\/index.php?rest_route=\/wp\/v2\/product\/3211","targetHints":{"allow":["GET"]}}],"collection":[{"href":"https:\/\/guidappro-dz.com\/index.php?rest_route=\/wp\/v2\/product"}],"about":[{"href":"https:\/\/guidappro-dz.com\/index.php?rest_route=\/wp\/v2\/types\/product"}],"wp:featuredmedia":[{"embeddable":true,"href":"https:\/\/guidappro-dz.com\/index.php?rest_route=\/wp\/v2\/media\/3214"}],"wp:attachment":[{"href":"https:\/\/guidappro-dz.com\/index.php?rest_route=%2Fwp%2Fv2%2Fmedia&parent=3211"}],"wp:term":[{"taxonomy":"product_brand","embeddable":true,"href":"https:\/\/guidappro-dz.com\/index.php?rest_route=%2Fwp%2Fv2%2Fproduct_brand&post=3211"},{"taxonomy":"product_cat","embeddable":true,"href":"https:\/\/guidappro-dz.com\/index.php?rest_route=%2Fwp%2Fv2%2Fproduct_cat&post=3211"},{"taxonomy":"product_tag","embeddable":true,"href":"https:\/\/guidappro-dz.com\/index.php?rest_route=%2Fwp%2Fv2%2Fproduct_tag&post=3211"}],"curies":[{"name":"wp","href":"https:\/\/api.w.org\/{rel}","templated":true}]}}